{"id":56,"date":"2023-08-28T14:39:13","date_gmt":"2023-08-28T12:39:13","guid":{"rendered":"https:\/\/compagnie-zebre-bleu.fr\/?page_id=56"},"modified":"2025-12-30T12:24:42","modified_gmt":"2025-12-30T11:24:42","slug":"les-evenements","status":"publish","type":"page","link":"https:\/\/compagnie-zebre-bleu.fr\/index.php\/les-evenements\/","title":{"rendered":"Actualit\u00e9s et \u00e9v\u00e9nements"},"content":{"rendered":"\t\t<div data-elementor-type=\"wp-page\" data-elementor-id=\"56\" class=\"elementor elementor-56\">\n\t\t\t\t\t\t<section class=\"elementor-section elementor-top-section elementor-element elementor-element-3247900 elementor-section-boxed elementor-section-height-default elementor-section-height-default\" data-id=\"3247900\" data-element_type=\"section\" data-e-type=\"section\">\n\t\t\t\t\t\t<div class=\"elementor-container elementor-column-gap-default\">\n\t\t\t\t\t<div class=\"elementor-column elementor-col-100 elementor-top-column elementor-element elementor-element-dada360\" data-id=\"dada360\" data-element_type=\"column\" data-e-type=\"column\">\n\t\t\t<div class=\"elementor-widget-wrap\">\n\t\t\t\t\t\t\t<\/div>\n\t\t<\/div>\n\t\t\t\t\t<\/div>\n\t\t<\/section>\n\t\t\t\t<section class=\"elementor-section elementor-top-section elementor-element elementor-element-9ff8107 elementor-section-boxed elementor-section-height-default elementor-section-height-default\" data-id=\"9ff8107\" data-element_type=\"section\" data-e-type=\"section\">\n\t\t\t\t\t\t<div class=\"elementor-container elementor-column-gap-default\">\n\t\t\t\t\t<div class=\"elementor-column elementor-col-100 elementor-top-column elementor-element elementor-element-2ba3a0f\" data-id=\"2ba3a0f\" data-element_type=\"column\" data-e-type=\"column\">\n\t\t\t<div class=\"elementor-widget-wrap elementor-element-populated\">\n\t\t\t\t\t\t<div class=\"elementor-element elementor-element-12dcc42 elementor-grid-eael-col-2 elementor-grid-tablet-eael-col-2 elementor-grid-mobile-eael-col-1 elementor-widget elementor-widget-eael-post-grid\" data-id=\"12dcc42\" data-element_type=\"widget\" data-e-type=\"widget\" data-settings=\"{&quot;eael_post_grid_columns&quot;:&quot;eael-col-2&quot;,&quot;eael_post_grid_columns_tablet&quot;:&quot;eael-col-2&quot;,&quot;eael_post_grid_columns_mobile&quot;:&quot;eael-col-1&quot;}\" data-widget_type=\"eael-post-grid.default\">\n\t\t\t\t<div class=\"elementor-widget-container\">\n\t\t\t\t\t<div id=\"eael-post-grid-12dcc42\" class=\"eael-post-grid-container\">\n            <div class=\"eael-post-grid eael-post-appender eael-post-appender-12dcc42 eael-post-grid-style-default\" data-layout-mode=\"grid\"><article class=\"eael-grid-post eael-post-grid-column\" data-id=\"837\">\n        <div class=\"eael-grid-post-holder\">\n            <div class=\"eael-grid-post-holder-inner\"><div class=\"eael-entry-wrapper\"><header class=\"eael-entry-header\"><h2 class=\"eael-entry-title\"><a\n                        class=\"eael-grid-post-link\"\n                        href=\"https:\/\/compagnie-zebre-bleu.fr\/index.php\/2024\/09\/01\/837\/\"\n                        title=\"Adieu Monsieur Haffmann &#8211; Prochaines dates : Samedi 18 avril 2026 \u00e0 20h30 au Colis\u00e9e \u00e0 Biarritz\">Adieu Monsieur Haffmann &#8211; Prochaines dates : Samedi 18 avril 2026 \u00e0 20h30 au Colis\u00e9e \u00e0 Biarritz<\/a><\/h2><\/header><div class=\"eael-entry-content\">\n                        <div class=\"eael-grid-post-excerpt\"><p>A venir: pour soutenir la recherche sur le cancer infantile, soutenu par le lions club international de Bayonne, salle Apollo Boucau A venir:&nbsp;Auditorium Lyc\u00e9e St Jacques de Compostelle Dax &nbsp;...<\/p><a\n                            href=\"https:\/\/compagnie-zebre-bleu.fr\/index.php\/2024\/09\/01\/837\/\"\n                            class=\"eael-post-elements-readmore-btn\">En savoir plus<\/a><\/div>\n                    <\/div><\/div><\/div>\n        <\/div>\n    <\/article><article class=\"eael-grid-post eael-post-grid-column\" data-id=\"849\">\n        <div class=\"eael-grid-post-holder\">\n            <div class=\"eael-grid-post-holder-inner\"><div class=\"eael-entry-wrapper\"><header class=\"eael-entry-header\"><h2 class=\"eael-entry-title\"><a\n                        class=\"eael-grid-post-link\"\n                        href=\"https:\/\/compagnie-zebre-bleu.fr\/index.php\/2024\/08\/09\/concert-de-sarah-okin\/\"\n                        title=\"Concert de Sarah Okin\">Concert de Sarah Okin<\/a><\/h2><\/header><div class=\"eael-entry-content\">\n                        <div class=\"eael-grid-post-excerpt\"><p>Sarah Okin, auteure, compositrice, interpr\u00e8te nous a offert un concert intimiste et touchant sous l&rsquo;ombrage des arbres. Vous pouvez la suivre sur Youtube.<\/p><a\n                            href=\"https:\/\/compagnie-zebre-bleu.fr\/index.php\/2024\/08\/09\/concert-de-sarah-okin\/\"\n                            class=\"eael-post-elements-readmore-btn\">En savoir plus<\/a><\/div>\n                    <\/div><\/div><\/div>\n        <\/div>\n    <\/article><article class=\"eael-grid-post eael-post-grid-column\" data-id=\"609\">\n        <div class=\"eael-grid-post-holder\">\n            <div class=\"eael-grid-post-holder-inner\"><div class=\"eael-entry-media\"><div class=\"eael-entry-overlay fade-in\"><i class=\"fas fa-long-arrow-alt-right\" aria-hidden=\"true\"><\/i><a href=\"https:\/\/compagnie-zebre-bleu.fr\/index.php\/2024\/02\/10\/samedi-16-mars-2024-sous-la-peau-de-broddgoltur-20h-macaye\/\"><\/a><\/div><div class=\"eael-entry-thumbnail \">\n                <img fetchpriority=\"high\" decoding=\"async\" width=\"212\" height=\"300\" src=\"https:\/\/compagnie-zebre-bleu.fr\/wp-content\/uploads\/2024\/09\/Sous-la-peau-de-Broddgoldtur_page-0001-212x300.jpg\" class=\"attachment-medium size-medium wp-image-865\" alt=\"\" srcset=\"https:\/\/compagnie-zebre-bleu.fr\/wp-content\/uploads\/2024\/09\/Sous-la-peau-de-Broddgoldtur_page-0001-212x300.jpg 212w, https:\/\/compagnie-zebre-bleu.fr\/wp-content\/uploads\/2024\/09\/Sous-la-peau-de-Broddgoldtur_page-0001-725x1024.jpg 725w, https:\/\/compagnie-zebre-bleu.fr\/wp-content\/uploads\/2024\/09\/Sous-la-peau-de-Broddgoldtur_page-0001-768x1085.jpg 768w, https:\/\/compagnie-zebre-bleu.fr\/wp-content\/uploads\/2024\/09\/Sous-la-peau-de-Broddgoldtur_page-0001-1087x1536.jpg 1087w, https:\/\/compagnie-zebre-bleu.fr\/wp-content\/uploads\/2024\/09\/Sous-la-peau-de-Broddgoldtur_page-0001-1449x2048.jpg 1449w, https:\/\/compagnie-zebre-bleu.fr\/wp-content\/uploads\/2024\/09\/Sous-la-peau-de-Broddgoldtur_page-0001.jpg 1755w\" sizes=\"(max-width: 212px) 100vw, 212px\" \/>\n            <\/div>\n        <\/div><div class=\"eael-entry-wrapper\"><header class=\"eael-entry-header\"><h2 class=\"eael-entry-title\"><a\n                        class=\"eael-grid-post-link\"\n                        href=\"https:\/\/compagnie-zebre-bleu.fr\/index.php\/2024\/02\/10\/samedi-16-mars-2024-sous-la-peau-de-broddgoltur-20h-macaye\/\"\n                        title=\"Samedi 16 mars 2024 &#8211; Sous la peau de Broddgolt\u00fcr &#8211; 20h &#8211; Macaye\">Samedi 16 mars 2024 &#8211; Sous la peau de Broddgolt\u00fcr &#8211; 20h &#8211; Macaye<\/a><\/h2><\/header><div class=\"eael-entry-content\">\n                        <div class=\"eael-grid-post-excerpt\"><p>Samedi 16 mars 2024 &#8211; Sous la peau de Broddgolt\u00fcr &#8211; 20h &#8211; Macaye Soir\u00e9e spectacle, danse, auberge espagnole. 15 \u20ac au profit de l&rsquo;IME Plan-Cousut en soutien au voyage...<\/p><a\n                            href=\"https:\/\/compagnie-zebre-bleu.fr\/index.php\/2024\/02\/10\/samedi-16-mars-2024-sous-la-peau-de-broddgoltur-20h-macaye\/\"\n                            class=\"eael-post-elements-readmore-btn\">En savoir plus<\/a><\/div>\n                    <\/div><\/div><\/div>\n        <\/div>\n    <\/article><article class=\"eael-grid-post eael-post-grid-column\" data-id=\"585\">\n        <div class=\"eael-grid-post-holder\">\n            <div class=\"eael-grid-post-holder-inner\"><div class=\"eael-entry-wrapper\"><header class=\"eael-entry-header\"><h2 class=\"eael-entry-title\"><a\n                        class=\"eael-grid-post-link\"\n                        href=\"https:\/\/compagnie-zebre-bleu.fr\/index.php\/2024\/02\/10\/samedi-20-janvier-2024-sous-la-peau-de-broddgoltur-les-nuits-de-la-lecture-urcuit\/\"\n                        title=\"Samedi 20 janvier 2024 &#8211; \u00ab\u00a0Sous la peau de Broddgolt\u00fcr\u00a0\u00bb &#8211; Les nuits de la lecture &#8211; Urcuit\">Samedi 20 janvier 2024 &#8211; \u00ab\u00a0Sous la peau de Broddgolt\u00fcr\u00a0\u00bb &#8211; Les nuits de la lecture &#8211; Urcuit<\/a><\/h2><\/header><div class=\"eael-entry-content\">\n                        <div class=\"eael-grid-post-excerpt\"><p>Samedi 20 janvier 2024 &#8211; \u00ab\u00a0Sous la peau de Broddgolt\u00fcr\u00a0\u00bb &#8211; Les nuits de la lecture &#8211; Urcuit Cr\u00e9ation originale \u00e0 partir d&rsquo;un conte merveilleux des fr\u00e8res Grimm.\u00a0<\/p><a\n                            href=\"https:\/\/compagnie-zebre-bleu.fr\/index.php\/2024\/02\/10\/samedi-20-janvier-2024-sous-la-peau-de-broddgoltur-les-nuits-de-la-lecture-urcuit\/\"\n                            class=\"eael-post-elements-readmore-btn\">En savoir plus<\/a><\/div>\n                    <\/div><\/div><\/div>\n        <\/div>\n    <\/article><\/div>\n            <div class=\"clearfix\"><\/div>\n        <\/div>            <div class=\"eael-load-more-button-wrap eael-force-hide\">\n                <button class=\"eael-load-more-button\" id=\"eael-load-more-btn-12dcc42\" data-widget-id=\"12dcc42\" data-widget=\"12dcc42\" data-page-id=\"56\" data-nonce=\"0f5588b316\" data-template=\"{&quot;dir&quot;:&quot;lite&quot;,&quot;file_name&quot;:&quot;default.php&quot;,&quot;name&quot;:&quot;Post-Grid&quot;}\" data-class=\"Essential_Addons_Elementor\\Elements\\Post_Grid\" data-layout=\"grid\" data-page=\"1\" data-args=\"orderby=date&amp;order=desc&amp;ignore_sticky_posts=1&amp;post_status=publish&amp;posts_per_page=4&amp;offset=0&amp;post_type=post\" data-max-page=\"2\">\n                    <div class=\"eael-btn-loader button__loader\"><\/div>\n                    <span>Load More<\/span>\n                <\/button>\n            <\/div>\n        \t\t\t\t<\/div>\n\t\t\t\t<\/div>\n\t\t\t\t\t<\/div>\n\t\t<\/div>\n\t\t\t\t\t<\/div>\n\t\t<\/section>\n\t\t\t\t<\/div>\n\t\t","protected":false},"excerpt":{"rendered":"<p>Adieu Monsieur Haffmann \u2013 Prochaines dates Samedi 18 avril 2026 \u00e0 20h30 au Colis\u00e9e \u00e0 Biarritz En savoir plus D\u00e9couvrez notre troupe Sous la peau de Broddgolt\u00fcr Prochaine date pr\u00e9vue <a class=\"more-link\" href=\"https:\/\/compagnie-zebre-bleu.fr\/index.php\/2024\/02\/10\/samedi-20-janvier-2024-sous-la-peau-de-broddgoltur-les-nuits-de-la-lecture-urcuit\/\">Continue Reading &rarr;<\/a><\/p>\n","protected":false},"author":2,"featured_media":0,"parent":0,"menu_order":1,"comment_status":"closed","ping_status":"closed","template":"","meta":{"footnotes":""},"class_list":["post-56","page","type-page","status-publish","hentry"],"_links":{"self":[{"href":"https:\/\/compagnie-zebre-bleu.fr\/index.php\/wp-json\/wp\/v2\/pages\/56","targetHints":{"allow":["GET"]}}],"collection":[{"href":"https:\/\/compagnie-zebre-bleu.fr\/index.php\/wp-json\/wp\/v2\/pages"}],"about":[{"href":"https:\/\/compagnie-zebre-bleu.fr\/index.php\/wp-json\/wp\/v2\/types\/page"}],"author":[{"embeddable":true,"href":"https:\/\/compagnie-zebre-bleu.fr\/index.php\/wp-json\/wp\/v2\/users\/2"}],"replies":[{"embeddable":true,"href":"https:\/\/compagnie-zebre-bleu.fr\/index.php\/wp-json\/wp\/v2\/comments?post=56"}],"version-history":[{"count":56,"href":"https:\/\/compagnie-zebre-bleu.fr\/index.php\/wp-json\/wp\/v2\/pages\/56\/revisions"}],"predecessor-version":[{"id":949,"href":"https:\/\/compagnie-zebre-bleu.fr\/index.php\/wp-json\/wp\/v2\/pages\/56\/revisions\/949"}],"wp:attachment":[{"href":"https:\/\/compagnie-zebre-bleu.fr\/index.php\/wp-json\/wp\/v2\/media?parent=56"}],"curies":[{"name":"wp","href":"https:\/\/api.w.org\/{rel}","templated":true}]}}